is the ten thousands digit of 167767931?
6
What is the ten thousands digit of 726639072?
3
What is the ten thousands digit of 205106414?
0
What is the hundred millions digit of 130167556?
1
What is the millions digit of 117831551?
7
What is the hundred thousands digit of 513038264?
0
What is the hundreds digit of 67134848?
8
What is the hundred millions digit of 1380502206?
3
What is the hundred millions digit of 1799817952?
7
What is the millions digit of 1743768679?
3
What is the thousands digit of 2523145026?
5
What is the ten millions digit of 4401058578?
0
What is the units digit of 22428620?
0
What is the thousands digit of 517269510?
9
What is the thousands digit of 134077848?
7
What is the ten millions digit of 657582612?
5
What is the hundred thousands digit of 98579275?
5
What is the ten millions digit of 1389154454?
8
What is the hundred thousands digit of 670514132?
5
What is the ten millions digit of 49318565?
4
What is the ten millions digit of 2977957663?
7
What is the millions digit of 135737506?
5
What is the ten millions digit of 40488352?
4
What is the hundreds digit of 78773103?
1
What is the hundred millions digit of 2835706377?
8
What is the thousands digit of 212426192?
6
What is the units digit of 27011186?
6
What is the units digit of 60372578?
8
What is the hundred millions digit of 2813133120?
8
What is the hundred millions digit of 4871597647?
8
What is the ten thousands digit of 3103032826?
3
What is the hundreds digit of 698587219?
2
What is the units digit of 5098892583?
3
What is the tens digit of 122187881?
8
What is the millions digit of 1039629308?
9
What is the units digit of 101013945?
5
What is the ten millions digit of 237227088?
3
What is the units digit of 170823355?
5
What is the hundreds digit of 18620004?
0
What is the millions digit of 328778103?
8
What is the hundred thousands digit of 673644380?
6
What is the hundreds digit of 347558469?
4
What is the millions digit of 408036346?
8
What is the thousands digit of 2802927669?
7
What is the millions digit of 195851544?
5
What is the units digit of 16263760?
0
What is the tens digit of 636829317?
1
What is the hundreds digit of 444304797?
7
What is the thousands digit of 129394476?
4
What is the thousands digit of 123192316?
2
What is the hundreds digit of 1998760418?
4
What is the hundred millions digit of 117486066?
1
What is the hundreds digit of 9320981?
9
What is the hundreds digit of 1441217101?
1
What is the ten thousands digit of 1534880038?
8
What is the hundred thousands digit of 496320209?
3
What is the hundred thousands digit of 36167538?
1
What is the tens digit of 1184353832?
3
What is the hundred thousands digit of 90848665?
8
What is the units digit of 1819308285?
5
What is the hundreds digit of 116558138?
1
What is the millions digit of 69131224?
9
What is the units digit of 36472083?
3
What is the hundred thousands digit of 2581090578?
0
What is the ten millions digit of 103427370?
0
What is the millions digit of 25364171?
5
What is the hundred millions digit of 262345234?
2
What is the ten thousands digit of 383059579?
5
What is the hundred millions digit of 918595619?
9
What is the ten thousands digit of 635758143?
5
What is the tens digit of 2430238731?
3
What is the hundred millions digit of 2990970717?
9
What is the hundred millions digit of 274069889?
2
What is the millions digit of 1197470?
1
What is the units digit of 2666306147?
7
What is the ten thousands digit of 455979406?
7
What is the thousands digit of 536758661?
8
What is the millions digit of 449707601?
9
What is the ten millions digit of 2052442803?
5
What is the ten thousands digit of 5452528718?
2
What is the units digit of 67266134?
4
What is the hundreds digit of 53447042?
0
What is the hundred thousands digit of 8659025305?
0
What is the hundred thousands digit of 51650785?
6
What is the ten thousands digit of 1160954004?
5
What is the millions digit of 71425904?
1
What is the tens digit of 1337779?
7
What is the tens digit of 1733162452?
5
What is the hundreds digit of 240995659?
6
What is the units digit of 8632816152?
2
What is the hundreds digit of 534289211?
2
What is the thousands digit of 6069692354?
2
What is the tens digit of 1127656319?
1
What is the tens digit of 41200471?
7
What is the hundreds digit of 714769637?
6
What is the ten millions digit of 14653757?
1
What is the tens digit of 343073460?
6
What is the hundreds digit of 36314577?
5
What is the ten thousands digit of 1040643875?
4
What is the millions digit of 717212079?
7
What is the units digit of 26122750?
0
What is the hundreds digit of 1015757733?
7
What is the units digit of 1483994908?
8
What is the ten millions digit of 5804870727?
0
What is the hundred millions digit of 114004450?
1
What is the millions digit of 22020807?
2
What is the hundred thousands digit of 20337890?
3
What is the ten millions digit of 5205428385?
0
What is the billions digit of 1402088310?
1
What is the tens digit of 64026692?
9
What is the ten thousands digit of 399308026?
0
What is the hundreds digit of 130328349?
3
What is the hundreds digit of 627104486?
4
What is the units digit of 109382412?
2
What is the hundreds digit of 129142143?
1
What is the ten millions digit of 17902923?
1
What is the hundred millions digit of 1504940579?
5
What is the hundreds digit of 82757324?
3
What is the tens digit of 30732131?
3
What is the millions digit of 825453868?
5
What is the hundreds digit of 26856949?
9
What is the ten millions digit of 870687806?
7
What is the hundred millions digit of 109343036?
1
What is the billions digit of 3933062540?
3
What is the millions digit of 377510994?
7
What is the ten millions digit of 44360339?
4
What is the hundred millions digit of 1352659723?
3
What is the hundred thousands digit of 12523121?
5
What is the ten thousands digit of 1695652261?
5
What is the ten thousands digit of 224579516?
7
What is the ten thousands digit of 75983521?
8
What is the hundred millions digit of 379609207?
3
What is the ten thousands digit of 2016350326?
5
What is the millions digit of 3997607265?
7
What is the hundreds digit of 15282301?
3
What is the thousands digit of 2124546446?
6
What is the ten millions digit of 720275747?
2
What is the hundred thousands digit of 691776702?
7
What is the hundred thousands digit of 981362633?
3
What is the tens digit of 169414491?
9
What is the ten thousands digit of 38808152?
0
What is the tens digit of 3026114764?
6
What is the hundreds digit of 254105210?
2
What is the tens digit of 2085142?
4
What is the units digit of 20218008?
8
What is the hundred thousands digit of 75755645?
7
What is the units digit of 247076943?
3
What is the hundreds digit of 371192938?
9
What is the ten millions digit of 986306824?
8
What is the hundred thousands digit of 253674853?
6
What is the thousands digit of 1301468901?
8
What is the tens digit of 121739146?
4
What is the tens digit of 143174030?
3
What is the millions digit of 34627340?
4
What is the hundred millions digit of 320009155?
3
What is the thousands digit of 143213026?
3
What is the tens digit of 635801812?
1
What is the hundred thousands digit of 372272431?
2
What is the thousands digit of 2234834127?
4
What is the millions digit of 237925569?
7
What is the ten thousands digit of 236337120?
3
What is the hundreds digit of 53672585?
5
What is the hundreds digit of 1484995331?
3
What is the ten thousands digit of 8467722050?
2
What is the thousands digit of 41691828?
1
What is the hundreds digit of 17603479?
4
What is the hundreds digit of 1581703726?
7
What is the millions digit of 23652684?
3
What is the hundreds digit of 2160633173?
1
What is the billions digit of 1523607328?
1
What is the millions digit of 319485526?
9
What is the millions digit of 435121771?
5
What is the hundred thousands digit of 564816455?
8
What is the hundreds digit of 511645074?
0
What is the thousands digit of 2467562248?
2
What is the units digit of 111129488?
8
What is the ten thousands digit of 6593117061?
1
What is the units digit of 49212231?
1
What is the millions digit of 3363525867?
3
What is the units digit of 73073434?
4
What is the tens digit of 2039301780?
8
What is the ten thousands digit of 379395107?
9
What is the ten